{"id":589,"date":"2022-07-27T22:40:40","date_gmt":"2022-07-27T22:40:40","guid":{"rendered":"https:\/\/aprendizdetodo.rafaelartacho.es\/?page_id=589"},"modified":"2023-07-19T18:53:02","modified_gmt":"2023-07-19T18:53:02","slug":"biografia-personal","status":"publish","type":"page","link":"https:\/\/rafaelartacho.es\/index.php\/biografia-personal\/","title":{"rendered":"BIOGRAFIA PERSONAL"},"content":{"rendered":"\n<figure class=\"wp-block-image size-full\"><img loading=\"lazy\" decoding=\"async\" width=\"676\" height=\"510\" src=\"https:\/\/rafaelartacho.es\/wp-content\/uploads\/2022\/07\/Familia-Artacho-Artacho.jpg\" alt=\"Foto para el Libro de Familia Numerosa cuando naci\u00f3 Carlos. Falta mi hermano Manolo porque ya no se pod\u00eda incluir en el libro de Familia Numerosa\" class=\"wp-image-590\" srcset=\"https:\/\/rafaelartacho.es\/wp-content\/uploads\/2022\/07\/Familia-Artacho-Artacho.jpg 676w, https:\/\/rafaelartacho.es\/wp-content\/uploads\/2022\/07\/Familia-Artacho-Artacho-300x226.jpg 300w\" sizes=\"auto, (max-width: 676px) 85vw, 676px\" \/><figcaption class=\"wp-element-caption\"><em>Foto para el Libro de Familia Numerosa cuando naci\u00f3 Carlos. Falta mi hermano Manolo porque ya no se pod\u00eda incluir en el libro de Familia Numerosa<\/em><\/figcaption><\/figure>\n\n\n\n<p>Nac\u00ed el 16 de Febrero de 1954 en Antequera (M\u00e1laga), en el seno de una familia de trabajadores del campo. Soy el cuarto de seis hermanos: Manuel (1939-2015), Maria del Carmen (Mari, 1945), Carmen Paz (Carmen, 1949), Jos\u00e9 (1957) y Carlos (1963).<\/p>\n\n\n\n<figure class=\"wp-block-image size-large\"><img loading=\"lazy\" decoding=\"async\" width=\"707\" height=\"1024\" src=\"https:\/\/rafaelartacho.es\/wp-content\/uploads\/2022\/07\/img030-707x1024.jpg\" alt=\"\" class=\"wp-image-593\" srcset=\"https:\/\/rafaelartacho.es\/wp-content\/uploads\/2022\/07\/img030-707x1024.jpg 707w, https:\/\/rafaelartacho.es\/wp-content\/uploads\/2022\/07\/img030-207x300.jpg 207w, https:\/\/rafaelartacho.es\/wp-content\/uploads\/2022\/07\/img030-768x1113.jpg 768w, https:\/\/rafaelartacho.es\/wp-content\/uploads\/2022\/07\/img030.jpg 808w\" sizes=\"auto, (max-width: 707px) 85vw, 707px\" \/><\/figure>\n\n\n\n<p>En 1960, cuando apenas contaba 6 a\u00f1os&nbsp; mi familia emigra a Madrid y se instala en la barriada de Vallecas. Empiezo los estudios primarios en un colegio p\u00fablico cuyo maestro,&nbsp; D. Sebasti\u00e1n,&nbsp; ense\u00f1aba en la misma aula a mas de 50 alumnos de 6 a 14 a\u00f1os. Los alumnos se sentaban en los pupitres en orden, de forma que los mejores estudiantes se sentaban en los primeros puestos. Los ex\u00e1menes eran orales y cada vez que se hac\u00edan se modificaba el orden en los pupitres. Cuando cumpl\u00ed diez a\u00f1os alcanc\u00e9 el primer puesto de la clase por encima de alumnos con m\u00e1s edad y que llevaban m\u00e1s tiempo en el colegio.<\/p>\n\n\n\n<figure class=\"wp-block-image size-large\"><img loading=\"lazy\" decoding=\"async\" width=\"1024\" height=\"677\" src=\"https:\/\/rafaelartacho.es\/wp-content\/uploads\/2022\/07\/img040-1024x677.jpg\" alt=\"\" class=\"wp-image-591\" srcset=\"https:\/\/rafaelartacho.es\/wp-content\/uploads\/2022\/07\/img040-1024x677.jpg 1024w, https:\/\/rafaelartacho.es\/wp-content\/uploads\/2022\/07\/img040-300x198.jpg 300w, https:\/\/rafaelartacho.es\/wp-content\/uploads\/2022\/07\/img040-768x508.jpg 768w, https:\/\/rafaelartacho.es\/wp-content\/uploads\/2022\/07\/img040.jpg 1152w\" sizes=\"auto, (max-width: 709px) 85vw, (max-width: 909px) 67vw, (max-width: 1362px) 62vw, 840px\" \/><figcaption class=\"wp-element-caption\">La clase de D. Sebasti\u00e1n con todos sus alumnos. Yo soy el que indica la flecha roja.<br><\/figcaption><\/figure>\n\n\n\n<p>Fue entonces cuando D. Sebasti\u00e1n habl\u00f3 con mis padres y les recomend\u00f3 que&nbsp; estudiara&nbsp; el bachillerato para lo que deb\u00eda solicitar el ingreso en un Instituto. En aquellos a\u00f1os (1964) el \u00fanico Instituto que hab\u00eda en Vallecas era Tajamar, un colegio fundado por el Opus Dei que ofrec\u00eda y sigue ofreciendo una ense\u00f1anza de calidad en un barrio obrero como Vallecas.<\/p>\n\n\n\n<p>En 1965 hice el examen de ingreso en Tajamar y aprob\u00e9. Tambi\u00e9n me examin\u00e9 y aprob\u00e9 para conseguir una beca de 3.600 pts que nos permit\u00eda pagar los libros, la mensualidad de Tajamar (50 pts al mes) y ayudar en los gastos de casa.<\/p>\n\n\n\n<figure class=\"wp-block-embed is-type-video is-provider-youtube wp-block-embed-youtube wp-embed-aspect-4-3 wp-has-aspect-ratio\"><div class=\"wp-block-embed__wrapper\">\n<iframe loading=\"lazy\" title=\"Primer v\u00eddeo de Tajamar 1967 2\u00aa parte.mpg\" width=\"840\" height=\"630\" src=\"https:\/\/www.youtube.com\/embed\/aSqo66Uvvb4?feature=oembed\" frameborder=\"0\" allow=\"accelerometer; autoplay; clipboard-write; encrypted-media; gyroscope; picture-in-picture; web-share\" allowfullscreen><\/iframe>\n<\/div><figcaption class=\"wp-element-caption\">En este video de Tajamar aparece el festival de fin de curso y la tabla de gimnasia en la que yo participe en Junio de 1.967 con la asistencia de mis padres y hermanos.<\/figcaption><\/figure>\n\n\n\n<p>Estudi\u00e9 en Tajamar primero y segundo de Bachillerato Elemental.<\/p>\n\n\n\n<p>En 1967 solicit\u00e9 una beca para estudiar en r\u00e9gimen de internado en la Universidad Laboral de C\u00f3rdoba.<\/p>\n\n\n\n<figure class=\"wp-block-gallery has-nested-images columns-default is-cropped wp-block-gallery-1 is-layout-flex wp-block-gallery-is-layout-flex\">\n<figure class=\"wp-block-image size-large\"><img loading=\"lazy\" decoding=\"async\" width=\"1024\" height=\"586\" data-id=\"609\" src=\"https:\/\/rafaelartacho.es\/wp-content\/uploads\/2022\/07\/img311-1024x586.jpg\" alt=\"\" class=\"wp-image-609\" srcset=\"https:\/\/rafaelartacho.es\/wp-content\/uploads\/2022\/07\/img311-1024x586.jpg 1024w, https:\/\/rafaelartacho.es\/wp-content\/uploads\/2022\/07\/img311-300x172.jpg 300w, https:\/\/rafaelartacho.es\/wp-content\/uploads\/2022\/07\/img311-768x439.jpg 768w, https:\/\/rafaelartacho.es\/wp-content\/uploads\/2022\/07\/img311.jpg 1374w\" sizes=\"auto, (max-width: 709px) 85vw, (max-width: 909px) 67vw, (max-width: 1362px) 62vw, 840px\" \/><figcaption class=\"wp-element-caption\">Con mis compa\u00f1eros de habitaci\u00f3n en la Universidad Laboral de C\u00f3rdoba. 1967<br><a href=\"https:\/\/rafaelartacho.es\/onewebmedia\/FOTO%20CIR.jpg?etag=%223f0de-599c53b5%22&amp;sourceContentType=image%2Fjpeg&amp;quality=85\"><\/a><\/figcaption><\/figure>\n\n\n\n<figure class=\"wp-block-image size-large\"><img loading=\"lazy\" decoding=\"async\" width=\"1024\" height=\"683\" data-id=\"610\" src=\"https:\/\/rafaelartacho.es\/wp-content\/uploads\/2022\/07\/CARNET-UNI-1024x683.jpg\" alt=\"\" class=\"wp-image-610\" srcset=\"https:\/\/rafaelartacho.es\/wp-content\/uploads\/2022\/07\/CARNET-UNI-1024x683.jpg 1024w, https:\/\/rafaelartacho.es\/wp-content\/uploads\/2022\/07\/CARNET-UNI-300x200.jpg 300w, https:\/\/rafaelartacho.es\/wp-content\/uploads\/2022\/07\/CARNET-UNI-768x513.jpg 768w, https:\/\/rafaelartacho.es\/wp-content\/uploads\/2022\/07\/CARNET-UNI.jpg 1266w\" sizes=\"auto, (max-width: 709px) 85vw, (max-width: 909px) 67vw, (max-width: 1362px) 62vw, 840px\" \/><figcaption class=\"wp-element-caption\">Carnet de la ULC<\/figcaption><\/figure>\n\n\n\n<figure class=\"wp-block-image size-large\"><img loading=\"lazy\" decoding=\"async\" width=\"1024\" height=\"679\" data-id=\"611\" src=\"https:\/\/rafaelartacho.es\/wp-content\/uploads\/2022\/07\/img645-1024x679.jpg\" alt=\"\" class=\"wp-image-611\" srcset=\"https:\/\/rafaelartacho.es\/wp-content\/uploads\/2022\/07\/img645-1024x679.jpg 1024w, https:\/\/rafaelartacho.es\/wp-content\/uploads\/2022\/07\/img645-300x199.jpg 300w, https:\/\/rafaelartacho.es\/wp-content\/uploads\/2022\/07\/img645-768x509.jpg 768w, https:\/\/rafaelartacho.es\/wp-content\/uploads\/2022\/07\/img645.jpg 1086w\" sizes=\"auto, (max-width: 709px) 85vw, (max-width: 909px) 67vw, (max-width: 1362px) 62vw, 840px\" \/><figcaption class=\"wp-element-caption\">Clase de sexto letras<\/figcaption><\/figure>\n<\/figure>\n\n\n\n<p>Termino en la Univesidad Laboral de C\u00f3rdoba el Bachillerato Elemental (Cuarto y Rev\u00e1lida) y el Bachillerato Superior (6\u00ba y Rev\u00e1lida) y en 1971 comienzo los estudios de Magisterio en la Escuela Universitaria Pablo Montesinos de Madrid, que estaba situada en la C\/ Sant\u00edsima Trinidad, 37.<\/p>\n\n\n\n<p>Abandono los estudios de Magisterio&nbsp; en 2\u00ba curso y ante las dificultades para encontrar un trabajo adecuado a mi formaci\u00f3n, dado que me exig\u00edan el servicio militar cumplido, decido buscar trabajo en la hosteler\u00eda, un sector&nbsp; m\u00e1s flexible respecto al servicio militar.<\/p>\n\n\n\n<p>En Abril de 1973 comienzo a trabajar de aprendiz de camarero en el Hotel Col\u00f3n&nbsp; &nbsp;de la C\/ Dr. Esquerdo, 115 de Madrid, gracias a la recomendaci\u00f3n de mi cu\u00f1ado Luis que trabajaba en dicho hotel.<\/p>\n\n\n\n<p>En aquellos tiempos era frecuente en la hosteler\u00eda que cuando un establecimiento de categor\u00eda necesitaba personal fuera a buscarlo a la competencia y as\u00ed es como me ofrecen trabajar en el Hotel Mindanao (5*) con mejores condiciones laborales y econ\u00f3micas.<\/p>\n\n\n\n<p>Permanezco en ese hotel desde marzo de 1974 hasta mi incorporaci\u00f3n al servicio militar en enero de 1975.<\/p>\n\n\n\n<p>Un d\u00eda regresando en metro a casa desde el trabajo coincido con Rafi a la que conoc\u00eda por ser hermana de&nbsp; un antiguo compa\u00f1ero de colegio. Comenzamos a salir e iniciamos un noviazgo que terminar\u00eda en boda.<\/p>\n\n\n\n<figure class=\"wp-block-gallery has-nested-images columns-default is-cropped wp-block-gallery-2 is-layout-flex wp-block-gallery-is-layout-flex\">\n<figure class=\"wp-block-image size-large\"><img loading=\"lazy\" decoding=\"async\" width=\"1024\" height=\"770\" data-id=\"612\" src=\"https:\/\/rafaelartacho.es\/wp-content\/uploads\/2022\/07\/img649-1024x770.jpg\" alt=\"\" class=\"wp-image-612\" srcset=\"https:\/\/rafaelartacho.es\/wp-content\/uploads\/2022\/07\/img649-1024x770.jpg 1024w, https:\/\/rafaelartacho.es\/wp-content\/uploads\/2022\/07\/img649-300x226.jpg 300w, https:\/\/rafaelartacho.es\/wp-content\/uploads\/2022\/07\/img649-768x577.jpg 768w, https:\/\/rafaelartacho.es\/wp-content\/uploads\/2022\/07\/img649-1536x1155.jpg 1536w, https:\/\/rafaelartacho.es\/wp-content\/uploads\/2022\/07\/img649-2048x1540.jpg 2048w\" sizes=\"auto, (max-width: 709px) 85vw, (max-width: 909px) 67vw, (max-width: 1362px) 62vw, 840px\" \/><figcaption class=\"wp-element-caption\">Toda la compa\u00f1ia en el Cir de Alcal\u00e1 de Henares (1975)<\/figcaption><\/figure>\n\n\n\n<figure class=\"wp-block-image size-large\"><img loading=\"lazy\" decoding=\"async\" width=\"1024\" height=\"524\" data-id=\"613\" src=\"https:\/\/rafaelartacho.es\/wp-content\/uploads\/2022\/07\/img646-1024x524.jpg\" alt=\"\" class=\"wp-image-613\" srcset=\"https:\/\/rafaelartacho.es\/wp-content\/uploads\/2022\/07\/img646-1024x524.jpg 1024w, https:\/\/rafaelartacho.es\/wp-content\/uploads\/2022\/07\/img646-300x154.jpg 300w, https:\/\/rafaelartacho.es\/wp-content\/uploads\/2022\/07\/img646-768x393.jpg 768w, https:\/\/rafaelartacho.es\/wp-content\/uploads\/2022\/07\/img646-1536x787.jpg 1536w, https:\/\/rafaelartacho.es\/wp-content\/uploads\/2022\/07\/img646.jpg 1992w\" sizes=\"auto, (max-width: 709px) 85vw, (max-width: 909px) 67vw, (max-width: 1362px) 62vw, 840px\" \/><figcaption class=\"wp-element-caption\">Jurando bandera<\/figcaption><\/figure>\n<\/figure>\n\n\n\n<p><\/p>\n\n\n\n<p>Me incorporo al servicio militar en el Centro de Instrucci\u00f3n de Reclutas de Alcal\u00e1 de Henares&nbsp; donde&nbsp; realizo la instrucci\u00f3n , jurando bandera en&nbsp; marzo de 1975.<\/p>\n\n\n\n<p>De mi estancia en el CIR recuerdo el fr\u00edo que hac\u00eda, que sufr\u00ed especialmente en las manos, durante la primera semana. Mi falta de previsi\u00f3n hizo que no llevara guantes y siempre ten\u00eda las manos \u00abarrec\u00edas\u00bb. Nunca olvidar\u00e9 la bronca que me ech\u00f3 un sargento cuando hac\u00eda el saludo militar con los dedos separados.&nbsp; &nbsp;&#8211;<strong><em>Junta los dedos, recluta<\/em><\/strong>&#8211; gritaba, a lo que yo respond\u00eda &#8211; <strong><em>no puedo mi sargento, el fr\u00edo me lo impide.<\/em><\/strong> Cuando en la primera visita mis padres me llevaron los guantes&nbsp; v\u00ed el cielo abierto. Tras la jura de bandera me incorporo a la Divisi\u00f3n Acorazada Brunete en el Grupo de Artiller\u00eda de Campa\u00f1a ATP XI, con sede en el desaparecido Cuartel Mu\u00f1oz Grandes en Campamento.<\/p>\n\n\n\n<p>Pens\u00e9 que deb\u00eda&nbsp; aprovechar el tiempo y conocer la vida militar y&nbsp; &nbsp;me apunt\u00e9 para realizar&nbsp; cursos de ascenso y as\u00ed fue como llegu\u00e9 a Sargento de Complemento, haciendo previamente los cursos de Cabo y Cabo Primero.<\/p>\n\n\n\n<figure class=\"wp-block-gallery has-nested-images columns-default is-cropped wp-block-gallery-3 is-layout-flex wp-block-gallery-is-layout-flex\">\n<figure class=\"wp-block-image size-large\"><img loading=\"lazy\" decoding=\"async\" width=\"707\" height=\"1024\" data-id=\"614\" src=\"https:\/\/rafaelartacho.es\/wp-content\/uploads\/2022\/07\/img622-707x1024.jpg\" alt=\"\" class=\"wp-image-614\" srcset=\"https:\/\/rafaelartacho.es\/wp-content\/uploads\/2022\/07\/img622-707x1024.jpg 707w, https:\/\/rafaelartacho.es\/wp-content\/uploads\/2022\/07\/img622-207x300.jpg 207w, https:\/\/rafaelartacho.es\/wp-content\/uploads\/2022\/07\/img622.jpg 762w\" sizes=\"auto, (max-width: 707px) 85vw, 707px\" \/><figcaption class=\"wp-element-caption\"><em>Con mi hermana Mari y el uniforme de Sargento.<\/em><\/figcaption><\/figure>\n\n\n\n<figure class=\"wp-block-image size-large\"><img loading=\"lazy\" decoding=\"async\" width=\"717\" height=\"1024\" data-id=\"615\" src=\"https:\/\/rafaelartacho.es\/wp-content\/uploads\/2022\/07\/img639-717x1024.jpg\" alt=\"\" class=\"wp-image-615\" srcset=\"https:\/\/rafaelartacho.es\/wp-content\/uploads\/2022\/07\/img639-717x1024.jpg 717w, https:\/\/rafaelartacho.es\/wp-content\/uploads\/2022\/07\/img639-210x300.jpg 210w, https:\/\/rafaelartacho.es\/wp-content\/uploads\/2022\/07\/img639-768x1096.jpg 768w, https:\/\/rafaelartacho.es\/wp-content\/uploads\/2022\/07\/img639.jpg 1008w\" sizes=\"auto, (max-width: 717px) 85vw, 717px\" \/><\/figure>\n<\/figure>\n\n\n\n<p>Precisamente la muerte de Franco, el 20 de Noviembre de 1975, me pill\u00f3 haciendo el curso de Sargento&nbsp; y&nbsp; gracias a ello me libr\u00e9 de participar en los actos militares que se hicieron en honor del dictador.<\/p>\n\n\n\n<p>Finalizado el servicio militar en Marzo de 1976, contin\u00fao trabajando de camarero, ahora en el Hotel Cuzco en\u00a0 la Plaza del mismo nombre, aunque s\u00f3lo por unos meses pues en\u00a0 Agosto del mismo a\u00f1o mi hermano Pepe que trabajaba en una distribuidora de revistas (VDA DE ROS) acepta una mejor oferta de otra distribuidora (Sobrinos de Francisco Sanz) y cambia de trabajo. Me recomienda para que le sustituya en la citada distribuidora\u00a0 VDA DE ROS y\u00a0 tanto Do\u00f1a Julia como su hijo Juan Ros aceptan y me contratan. As\u00ed fue c\u00f3mo empec\u00e9 a\u00a0 trabajar en el mundo de la prensa escrita al que he dedicado\u00a0 m\u00e1s de 40 a\u00f1os de mi vida y que\u00a0 he resumido en la pesta\u00f1a <a href=\"https:\/\/rafaelartacho.es\/index.php\/curriculum\/\" data-type=\"URL\" data-id=\"https:\/\/rafaelartacho.es\/index.php\/curriculum\/\">CURRICULUM<\/a><\/p>\n\n\n\n<figure class=\"wp-block-image\"><a href=\"https:\/\/rafaelartacho.es\/onewebmedia\/img520.jpg?etag=%2253e59-594aaf55%22&amp;sourceContentType=image%2Fjpeg&amp;quality=85\"><img decoding=\"async\" src=\"https:\/\/rafaelartacho.es\/onewebmedia\/img520.jpg?etag=%2253e59-594aaf55%22&amp;sourceContentType=image%2Fjpeg&amp;ignoreAspectRatio&amp;resize=277%2B200&amp;extract=0%2B0%2B277%2B200&amp;quality=85\" alt=\"\"\/><\/a><\/figure>\n\n\n\n<p>La oportunidad de abandonar la hosteler\u00eda fu\u00e9 recibida con satisfacci\u00f3n tanto por mi familia como por mi novia Rafi, pues no descubro nada si digo que la hosteler\u00eda es una profesi\u00f3n muy dura cuyos horarios de trabajo dificultan la vida familiar y social, m\u00e1s en aquella \u00e9poca en la que sab\u00edas la hora de entrada al trabajo pero no sab\u00edas nunca cu\u00e1ndo ibas a salir y trabajando domingos y festivos y s\u00f3lo un d\u00eda libre a la semana entre diario.<\/p>\n\n\n\n<p>Con el nuevo trabajo y&nbsp; terminada la mili lo que tocaba era pensar en formar una familia. Con ese fin en Octubre de 1.976 y ayudado por mis padres damos la entrada para comprar un piso en M\u00f3stoles que nos entregar\u00edan un a\u00f1o m\u00e1s tarde.<\/p>\n\n\n\n<p>No obstante la boda se adelantar\u00eda antes de lo previsto y el 15 de enero de 1.977 contraigo matrimonio con Rafi, mi primera novia y la madre de mis dos hijos, Vanesa y Juan Carlos.<\/p>\n\n\n\n<p>Continuar\u00e1<\/p>\n","protected":false},"excerpt":{"rendered":"<p>Nac\u00ed el 16 de Febrero de 1954 en Antequera (M\u00e1laga), en el seno de una familia de trabajadores del campo. Soy el cuarto de seis hermanos: Manuel (1939-2015), Maria del Carmen (Mari, 1945), Carmen Paz (Carmen, 1949), Jos\u00e9 (1957) y Carlos (1963). En 1960, cuando apenas contaba 6 a\u00f1os&nbsp; mi familia emigra a Madrid y &hellip; <a href=\"https:\/\/rafaelartacho.es\/index.php\/biografia-personal\/\" class=\"more-link\">Continuar leyendo<span class=\"screen-reader-text\"> \u00abBIOGRAFIA PERSONAL\u00bb<\/span><\/a><\/p>\n","protected":false},"author":1,"featured_media":0,"parent":0,"menu_order":0,"comment_status":"closed","ping_status":"closed","template":"","meta":{"footnotes":""},"class_list":["post-589","page","type-page","status-publish","hentry"],"_links":{"self":[{"href":"https:\/\/rafaelartacho.es\/index.php\/wp-json\/wp\/v2\/pages\/589","targetHints":{"allow":["GET"]}}],"collection":[{"href":"https:\/\/rafaelartacho.es\/index.php\/wp-json\/wp\/v2\/pages"}],"about":[{"href":"https:\/\/rafaelartacho.es\/index.php\/wp-json\/wp\/v2\/types\/page"}],"author":[{"embeddable":true,"href":"https:\/\/rafaelartacho.es\/index.php\/wp-json\/wp\/v2\/users\/1"}],"replies":[{"embeddable":true,"href":"https:\/\/rafaelartacho.es\/index.php\/wp-json\/wp\/v2\/comments?post=589"}],"version-history":[{"count":4,"href":"https:\/\/rafaelartacho.es\/index.php\/wp-json\/wp\/v2\/pages\/589\/revisions"}],"predecessor-version":[{"id":954,"href":"https:\/\/rafaelartacho.es\/index.php\/wp-json\/wp\/v2\/pages\/589\/revisions\/954"}],"wp:attachment":[{"href":"https:\/\/rafaelartacho.es\/index.php\/wp-json\/wp\/v2\/media?parent=589"}],"curies":[{"name":"wp","href":"https:\/\/api.w.org\/{rel}","templated":true}]}}